{"id":124,"date":"2020-04-13T17:14:39","date_gmt":"2020-04-13T17:14:39","guid":{"rendered":"https:\/\/new.praxis-viebahn.de\/?page_id=124"},"modified":"2020-04-29T20:33:16","modified_gmt":"2020-04-29T20:33:16","slug":"berufsrechtliche-informationen","status":"publish","type":"page","link":"https:\/\/www.praxis-viebahn.de\/index.php\/berufsrechtliche-informationen\/","title":{"rendered":"Berufsrechtliche Informationen"},"content":{"rendered":"\t\t<div data-elementor-type=\"wp-page\" data-elementor-id=\"124\" class=\"elementor elementor-124\">\n\t\t\t\t\t\t<section class=\"elementor-section elementor-top-section elementor-element elementor-element-3b09455 elementor-section-boxed elementor-section-height-default elementor-section-height-default\" data-id=\"3b09455\" data-element_type=\"section\" data-e-type=\"section\">\n\t\t\t\t\t\t<div class=\"elementor-container elementor-column-gap-default\">\n\t\t\t\t\t<div class=\"elementor-column elementor-col-100 elementor-top-column elementor-element elementor-element-d78d5f9\" data-id=\"d78d5f9\" data-element_type=\"column\" data-e-type=\"column\">\n\t\t\t<div class=\"elementor-widget-wrap elementor-element-populated\">\n\t\t\t\t\t\t<section class=\"elementor-section elementor-inner-section elementor-element elementor-element-ee67ebc elementor-section-boxed elementor-section-height-default elementor-section-height-default\" data-id=\"ee67ebc\" data-element_type=\"section\" data-e-type=\"section\">\n\t\t\t\t\t\t<div class=\"elementor-container elementor-column-gap-default\">\n\t\t\t\t\t<div class=\"elementor-column elementor-col-50 elementor-inner-column elementor-element elementor-element-4ab9235\" data-id=\"4ab9235\" data-element_type=\"column\" data-e-type=\"column\">\n\t\t\t<div class=\"elementor-widget-wrap elementor-element-populated\">\n\t\t\t\t\t\t<div class=\"elementor-element elementor-element-093a2a9 elementor-widget elementor-widget-text-editor\" data-id=\"093a2a9\" data-element_type=\"widget\" data-e-type=\"widget\" data-widget_type=\"text-editor.default\">\n\t\t\t\t<div class=\"elementor-widget-container\">\n\t\t\t\t\t\t\t\t\t<div class=\"vc_col-sm-3 wpb_column column_container vc_column_container col no-extra-padding instance-1 one-fourths clear-both\" data-border-radius=\"none\" data-shadow=\"none\" data-border-animation=\"\" data-border-animation-delay=\"\" data-border-width=\"none\" data-border-style=\"\" data-border-color=\"\" data-bg-cover=\"\" data-padding-pos=\"all\" data-has-bg-color=\"false\" data-bg-color=\"\" data-bg-opacity=\"1\" data-hover-bg=\"\" data-hover-bg-opacity=\"1\" data-animation=\"\" data-delay=\"0\"><div class=\"vc_column-inner\"><p><strong>Berufsbezeichnung:<\/strong><\/p><div class=\"wpb_wrapper\"><div class=\"wpb_text_column wpb_content_element \"><div class=\"wpb_wrapper\"><p>Facharzt f\u00fcr Allgemeinmedizin<br \/>Berufsrechtliche Regelungen:<br \/>\u2013 Berufsordnung der Landes\u00e4rztekammer von Nordrhein<br \/>\u2013 Heilberufegesetz des Landes Nordrhein<\/p><p>Die Regelungen finden sich im Gesetzblatt der Bundesrepublik Deutschland<\/p><\/div><\/div><\/div><\/div><\/div>\t\t\t\t\t\t\t\t<\/div>\n\t\t\t\t<\/div>\n\t\t\t\t\t<\/div>\n\t\t<\/div>\n\t\t\t\t<div class=\"elementor-column elementor-col-50 elementor-inner-column elementor-element elementor-element-ffdf407\" data-id=\"ffdf407\" data-element_type=\"column\" data-e-type=\"column\">\n\t\t\t<div class=\"elementor-widget-wrap elementor-element-populated\">\n\t\t\t\t\t\t<div class=\"elementor-element elementor-element-c10ee7b elementor-widget elementor-widget-text-editor\" data-id=\"c10ee7b\" data-element_type=\"widget\" data-e-type=\"widget\" data-widget_type=\"text-editor.default\">\n\t\t\t\t<div class=\"elementor-widget-container\">\n\t\t\t\t\t\t\t\t\t<p><strong>Zust\u00e4ndige Kammer:<\/strong><br \/>\u00c4rztekammer Nordrhein<br \/>Tersteegenstr. 9<br \/>40474 D\u00fcsseldorf<br \/><a href=\"http:\/\/www.aekno.de\">www.aekno.de<\/a><\/p>\t\t\t\t\t\t\t\t<\/div>\n\t\t\t\t<\/div>\n\t\t\t\t\t<\/div>\n\t\t<\/div>\n\t\t\t\t\t<\/div>\n\t\t<\/section>\n\t\t\t\t\t<\/div>\n\t\t<\/div>\n\t\t\t\t\t<\/div>\n\t\t<\/section>\n\t\t\t\t<section class=\"elementor-section elementor-top-section elementor-element elementor-element-1445d13 elementor-section-boxed elementor-section-height-default elementor-section-height-default\" data-id=\"1445d13\" data-element_type=\"section\" data-e-type=\"section\">\n\t\t\t\t\t\t<div class=\"elementor-container elementor-column-gap-default\">\n\t\t\t\t\t<div class=\"elementor-column elementor-col-100 elementor-top-column elementor-element elementor-element-94604bc\" data-id=\"94604bc\" data-element_type=\"column\" data-e-type=\"column\">\n\t\t\t<div class=\"elementor-widget-wrap elementor-element-populated\">\n\t\t\t\t\t\t<section class=\"elementor-section elementor-inner-section elementor-element elementor-element-0c82176 elementor-section-boxed elementor-section-height-default elementor-section-height-default\" data-id=\"0c82176\" data-element_type=\"section\" data-e-type=\"section\">\n\t\t\t\t\t\t<div class=\"elementor-container elementor-column-gap-default\">\n\t\t\t\t\t<div class=\"elementor-column elementor-col-50 elementor-inner-column elementor-element elementor-element-d877dd4\" data-id=\"d877dd4\" data-element_type=\"column\" data-e-type=\"column\">\n\t\t\t<div class=\"elementor-widget-wrap elementor-element-populated\">\n\t\t\t\t\t\t<div class=\"elementor-element elementor-element-20a41bc elementor-widget elementor-widget-text-editor\" data-id=\"20a41bc\" data-element_type=\"widget\" data-e-type=\"widget\" data-widget_type=\"text-editor.default\">\n\t\t\t\t<div class=\"elementor-widget-container\">\n\t\t\t\t\t\t\t\t\t<p><strong>Zust\u00e4ndige kassen\u00e4rztliche Vereinigung:<\/strong><br \/>Kassen\u00e4rztliche Vereinigung Nordrhein<br \/>K\u00f6rperschaft des \u00f6ffentlichen Rechts<br \/>Tersteegenstr. 9<br \/>40474 D\u00fcsseldorf<br \/><a href=\"http:\/\/www.kvno.de\">www.kvno.de<\/a><\/p>\t\t\t\t\t\t\t\t<\/div>\n\t\t\t\t<\/div>\n\t\t\t\t\t<\/div>\n\t\t<\/div>\n\t\t\t\t<div class=\"elementor-column elementor-col-50 elementor-inner-column elementor-element elementor-element-598d9a5\" data-id=\"598d9a5\" data-element_type=\"column\" data-e-type=\"column\">\n\t\t\t<div class=\"elementor-widget-wrap elementor-element-populated\">\n\t\t\t\t\t\t<div class=\"elementor-element elementor-element-8dc0945 elementor-widget elementor-widget-text-editor\" data-id=\"8dc0945\" data-element_type=\"widget\" data-e-type=\"widget\" data-widget_type=\"text-editor.default\">\n\t\t\t\t<div class=\"elementor-widget-container\">\n\t\t\t\t\t\t\t\t\t<p><strong>Inhaltlich Verantwortlicher gem\u00e4\u00df<\/strong><br><strong>\u00a7 55 Abs. 2 RStV:<\/strong><br>Dr. med. Hendrik Viebahn<br>Hans-B\u00f6ckler-Str. 151<br>42109 Wuppertal<br>Tel. 02 02-702211<br>Fax 02 02-7054792<br>praxis-viebahn@t-online.de<\/p>\t\t\t\t\t\t\t\t<\/div>\n\t\t\t\t<\/div>\n\t\t\t\t\t<\/div>\n\t\t<\/div>\n\t\t\t\t\t<\/div>\n\t\t<\/section>\n\t\t\t\t\t<\/div>\n\t\t<\/div>\n\t\t\t\t\t<\/div>\n\t\t<\/section>\n\t\t\t\t<\/div>\n\t\t","protected":false},"excerpt":{"rendered":"<p>Berufsbezeichnung: Facharzt f\u00fcr Allgemeinmedizin Berufsrechtliche Regelungen: \u2013 Berufsordnung der Landes\u00e4rztekammer von Nordrhein \u2013 Heilberufegesetz des Landes Nordrhein Die Regelungen finden sich im Gesetzblatt der Bundesrepublik Deutschland Zust\u00e4ndige Kammer: \u00c4rztekammer Nordrhein Tersteegenstr. 9 40474 D\u00fcsseldorf www.aekno.de Zust\u00e4ndige kassen\u00e4rztliche Vereinigung: Kassen\u00e4rztliche Vereinigung Nordrhein K\u00f6rperschaft des \u00f6ffentlichen Rechts Tersteegenstr. 9 40474 D\u00fcsseldorf www.kvno.de Inhaltlich Verantwortlicher gem\u00e4\u00df \u00a7 55<span class=\"post-excerpt-end\">&hellip;<\/span><\/p>\n<p class=\"more-link\"><a href=\"https:\/\/www.praxis-viebahn.de\/index.php\/berufsrechtliche-informationen\/\" class=\"themebutton\">Read More<\/a><\/p>\n","protected":false},"author":1,"featured_media":0,"parent":0,"menu_order":0,"comment_status":"closed","ping_status":"closed","template":"","meta":{"footnotes":""},"class_list":["post-124","page","type-page","status-publish","hentry"],"jetpack_sharing_enabled":true,"_links":{"self":[{"href":"https:\/\/www.praxis-viebahn.de\/index.php\/wp-json\/wp\/v2\/pages\/124","targetHints":{"allow":["GET"]}}],"collection":[{"href":"https:\/\/www.praxis-viebahn.de\/index.php\/wp-json\/wp\/v2\/pages"}],"about":[{"href":"https:\/\/www.praxis-viebahn.de\/index.php\/wp-json\/wp\/v2\/types\/page"}],"author":[{"embeddable":true,"href":"https:\/\/www.praxis-viebahn.de\/index.php\/wp-json\/wp\/v2\/users\/1"}],"replies":[{"embeddable":true,"href":"https:\/\/www.praxis-viebahn.de\/index.php\/wp-json\/wp\/v2\/comments?post=124"}],"version-history":[{"count":7,"href":"https:\/\/www.praxis-viebahn.de\/index.php\/wp-json\/wp\/v2\/pages\/124\/revisions"}],"predecessor-version":[{"id":303,"href":"https:\/\/www.praxis-viebahn.de\/index.php\/wp-json\/wp\/v2\/pages\/124\/revisions\/303"}],"wp:attachment":[{"href":"https:\/\/www.praxis-viebahn.de\/index.php\/wp-json\/wp\/v2\/media?parent=124"}],"curies":[{"name":"wp","href":"https:\/\/api.w.org\/{rel}","templated":true}]}}